{"id":1833,"date":"2026-02-02T11:49:57","date_gmt":"2026-02-02T16:49:57","guid":{"rendered":"https:\/\/kintupass.com\/web\/?page_id=1833"},"modified":"2026-02-02T11:53:33","modified_gmt":"2026-02-02T16:53:33","slug":"el-equipo","status":"publish","type":"page","link":"https:\/\/kintupass.com\/web\/el-equipo\/","title":{"rendered":"El Equipo"},"content":{"rendered":"\t\t<div data-elementor-type=\"wp-page\" data-elementor-id=\"1833\" class=\"elementor elementor-1833\">\n\t\t\t\t<div class=\"elementor-element elementor-element-9491c59 e-flex e-con-boxed e-con e-parent\" data-id=\"9491c59\" data-element_type=\"container\">\n\t\t\t\t\t<div class=\"e-con-inner\">\n\t\t<div class=\"elementor-element elementor-element-36bd66a e-con-full e-flex e-con e-child\" data-id=\"36bd66a\" data-element_type=\"container\">\n\t\t\t\t<div class=\"elementor-element elementor-element-c50a47b elementor-widget elementor-widget-heading\" data-id=\"c50a47b\" data-element_type=\"widget\" data-settings=\"{&quot;wdt_animation_effect&quot;:&quot;none&quot;}\" data-widget_type=\"heading.default\">\n\t\t\t\t\t<h2 class=\"elementor-heading-title elementor-size-default\">Libertad y bienestar en una nueva forma de vivir el wellness<\/h2>\t\t\t\t<\/div>\n\t\t\t\t<div class=\"elementor-element elementor-element-5e93935 elementor-widget elementor-widget-text-editor\" data-id=\"5e93935\" data-element_type=\"widget\" data-settings=\"{&quot;wdt_animation_effect&quot;:&quot;none&quot;}\" data-widget_type=\"text-editor.default\">\n\t\t\t\t\t\t\t\t\tIsa y Valen son las fundadoras de KINTU PASS, una app de wellness creada para transformar el estilo de vida de las personas desde la libertad. Con una visi\u00f3n clara y disruptiva, impulsaron una plataforma que elimina las ataduras, los contratos largos y las limitaciones de los gimnasios tradicionales, para dar paso a una experiencia flexible, consciente y alineada con cada persona. KINTU PASS nace de su convicci\u00f3n de que el bienestar debe adaptarse a la vida real: libre, accesible y sin excusas.\n\t\t\t\t\t\t\t\t<\/div>\n\t\t\t\t<\/div>\n\t\t<div class=\"elementor-element elementor-element-0a04e11 e-con-full e-flex e-con e-child\" data-id=\"0a04e11\" data-element_type=\"container\">\n\t\t\t\t<div class=\"elementor-element elementor-element-1e6a0be elementor-invisible elementor-widget elementor-widget-image\" data-id=\"1e6a0be\" data-element_type=\"widget\" data-settings=\"{&quot;_animation&quot;:&quot;fadeInDown&quot;,&quot;wdt_animation_effect&quot;:&quot;none&quot;}\" data-widget_type=\"image.default\">\n\t\t\t\t\t\t\t\t\t\t\t\t\t\t\t<img fetchpriority=\"high\" decoding=\"async\" width=\"683\" height=\"1024\" src=\"https:\/\/kintupass.com\/web\/wp-content\/uploads\/2026\/02\/AMBAS-683x1024.jpg\" class=\"attachment-large size-large wp-image-1818\" alt=\"\" srcset=\"https:\/\/kintupass.com\/web\/wp-content\/uploads\/2026\/02\/AMBAS-683x1024.jpg 683w, https:\/\/kintupass.com\/web\/wp-content\/uploads\/2026\/02\/AMBAS-200x300.jpg 200w, https:\/\/kintupass.com\/web\/wp-content\/uploads\/2026\/02\/AMBAS-768x1152.jpg 768w, https:\/\/kintupass.com\/web\/wp-content\/uploads\/2026\/02\/AMBAS-1024x1536.jpg 1024w, https:\/\/kintupass.com\/web\/wp-content\/uploads\/2026\/02\/AMBAS-1365x2048.jpg 1365w, https:\/\/kintupass.com\/web\/wp-content\/uploads\/2026\/02\/AMBAS-scaled.jpg 1707w\" sizes=\"(max-width: 683px) 100vw, 683px\" \/>\t\t\t\t\t\t\t\t\t\t\t\t\t\t\t<\/div>\n\t\t\t\t<\/div>\n\t\t\t\t\t<\/div>\n\t\t\t\t<\/div>\n\t\t<div class=\"elementor-element elementor-element-136e323 e-flex e-con-boxed e-con e-parent\" data-id=\"136e323\" data-element_type=\"container\">\n\t\t\t\t\t<div class=\"e-con-inner\">\n\t\t<div class=\"elementor-element elementor-element-8788618 e-con-full e-flex e-con e-child\" data-id=\"8788618\" data-element_type=\"container\">\n\t\t\t\t<div class=\"elementor-element elementor-element-a8030db elementor-invisible elementor-widget elementor-widget-image\" data-id=\"a8030db\" data-element_type=\"widget\" data-settings=\"{&quot;_animation&quot;:&quot;fadeInLeft&quot;,&quot;wdt_animation_effect&quot;:&quot;none&quot;}\" data-widget_type=\"image.default\">\n\t\t\t\t\t\t\t\t\t\t\t\t\t\t\t<img decoding=\"async\" width=\"683\" height=\"1024\" src=\"https:\/\/kintupass.com\/web\/wp-content\/uploads\/2026\/02\/ISA-683x1024.jpg\" class=\"attachment-large size-large wp-image-1825\" alt=\"\" srcset=\"https:\/\/kintupass.com\/web\/wp-content\/uploads\/2026\/02\/ISA-683x1024.jpg 683w, https:\/\/kintupass.com\/web\/wp-content\/uploads\/2026\/02\/ISA-200x300.jpg 200w, https:\/\/kintupass.com\/web\/wp-content\/uploads\/2026\/02\/ISA-768x1152.jpg 768w, https:\/\/kintupass.com\/web\/wp-content\/uploads\/2026\/02\/ISA-1024x1536.jpg 1024w, https:\/\/kintupass.com\/web\/wp-content\/uploads\/2026\/02\/ISA-1365x2048.jpg 1365w, https:\/\/kintupass.com\/web\/wp-content\/uploads\/2026\/02\/ISA-scaled.jpg 1707w\" sizes=\"(max-width: 683px) 100vw, 683px\" \/>\t\t\t\t\t\t\t\t\t\t\t\t\t\t\t<\/div>\n\t\t\t\t<\/div>\n\t\t<div class=\"elementor-element elementor-element-d622eb3 e-con-full e-flex e-con e-child\" data-id=\"d622eb3\" data-element_type=\"container\">\n\t\t\t\t<div class=\"elementor-element elementor-element-4ed8acc elementor-widget elementor-widget-heading\" data-id=\"4ed8acc\" data-element_type=\"widget\" data-settings=\"{&quot;wdt_animation_effect&quot;:&quot;none&quot;}\" data-widget_type=\"heading.default\">\n\t\t\t\t\t<h2 class=\"elementor-heading-title elementor-size-default\">Isabela<\/h2>\t\t\t\t<\/div>\n\t\t\t\t<div class=\"elementor-element elementor-element-1b7a37b elementor-widget elementor-widget-text-editor\" data-id=\"1b7a37b\" data-element_type=\"widget\" data-settings=\"{&quot;wdt_animation_effect&quot;:&quot;none&quot;}\" data-widget_type=\"text-editor.default\">\n\t\t\t\t\t\t\t\t\t<p>Para m\u00ed, KINT\u00da naci\u00f3 como respuesta a una necesidad muy real en mi vida: ser mam\u00e1, trabajar a tiempo completo y al mismo tiempo querer cuidar de m\u00ed. Muchas veces me resultaba imposible comprometerme con un horario fijo de gimnasio o separar tiempo para un masaje o una clase de yoga. Con KINT\u00da encontramos la forma de darle a las personas la libertad de elegir c\u00f3mo y cu\u00e1ndo cuidar su bienestar, de una manera pr\u00e1ctica y cercana. Mi mensaje para la gente es que el bienestar no debe ser un lujo ni una obligaci\u00f3n imposible, sino una experiencia flexible, accesible y emocionante que se adapte a sus tiempos y necesidades. KINT\u00da es una invitaci\u00f3n a poner el bienestar en el centro de la vida, de una manera pr\u00e1ctica y real.<\/p>\t\t\t\t\t\t\t\t<\/div>\n\t\t\t\t<\/div>\n\t\t\t\t\t<\/div>\n\t\t\t\t<\/div>\n\t\t<div class=\"elementor-element elementor-element-49680fd e-flex e-con-boxed e-con e-parent\" data-id=\"49680fd\" data-element_type=\"container\">\n\t\t\t\t\t<div class=\"e-con-inner\">\n\t\t<div class=\"elementor-element elementor-element-fe6fdc9 e-con-full e-flex e-con e-child\" data-id=\"fe6fdc9\" data-element_type=\"container\">\n\t\t\t\t<div class=\"elementor-element elementor-element-eda21f8 elementor-widget elementor-widget-heading\" data-id=\"eda21f8\" data-element_type=\"widget\" data-settings=\"{&quot;wdt_animation_effect&quot;:&quot;none&quot;}\" data-widget_type=\"heading.default\">\n\t\t\t\t\t<h2 class=\"elementor-heading-title elementor-size-default\">Valentina<\/h2>\t\t\t\t<\/div>\n\t\t\t\t<div class=\"elementor-element elementor-element-885e730 elementor-widget elementor-widget-text-editor\" data-id=\"885e730\" data-element_type=\"widget\" data-settings=\"{&quot;wdt_animation_effect&quot;:&quot;none&quot;}\" data-widget_type=\"text-editor.default\">\n\t\t\t\t\t\t\t\t\t<p><span lang=\"ES-US\">Para m\u00ed, KINT\u00da representa la oportunidad de transformar la manera en que vivimos el bienestar. Siempre so\u00f1\u00e9 con crear algo que rompa con los esquemas tradicionales de los gimnasios y centros de salud, porque creo firmemente que las personas merecen tener m\u00e1s opciones, m\u00e1s flexibilidad y m\u00e1s libertad para decidir c\u00f3mo cuidarse. Desde el inicio imagin\u00e9 una plataforma que conecte a la gente con experiencias aut\u00e9nticas y diversas, que los inspire a probar cosas nuevas y a descubrir lo que realmente los hace sentir bien. Mi mensaje para la gente es que KINT\u00da no es solo una app, es una comunidad que busca motivarnos a vivir m\u00e1s conscientes, m\u00e1s plenos y m\u00e1s conectados con nosotros mismos.<\/span><\/p>\t\t\t\t\t\t\t\t<\/div>\n\t\t\t\t<\/div>\n\t\t<div class=\"elementor-element elementor-element-49e6bca e-con-full e-flex e-con e-child\" data-id=\"49e6bca\" data-element_type=\"container\">\n\t\t\t\t<div class=\"elementor-element elementor-element-bab0700 elementor-invisible elementor-widget elementor-widget-image\" data-id=\"bab0700\" data-element_type=\"widget\" data-settings=\"{&quot;_animation&quot;:&quot;fadeInRight&quot;,&quot;wdt_animation_effect&quot;:&quot;none&quot;}\" data-widget_type=\"image.default\">\n\t\t\t\t\t\t\t\t\t\t\t\t\t\t\t<img decoding=\"async\" width=\"683\" height=\"1024\" src=\"https:\/\/kintupass.com\/web\/wp-content\/uploads\/2026\/02\/VALEN-683x1024.jpg\" class=\"attachment-large size-large wp-image-1826\" alt=\"\" srcset=\"https:\/\/kintupass.com\/web\/wp-content\/uploads\/2026\/02\/VALEN-683x1024.jpg 683w, https:\/\/kintupass.com\/web\/wp-content\/uploads\/2026\/02\/VALEN-200x300.jpg 200w, https:\/\/kintupass.com\/web\/wp-content\/uploads\/2026\/02\/VALEN-768x1152.jpg 768w, https:\/\/kintupass.com\/web\/wp-content\/uploads\/2026\/02\/VALEN-1024x1536.jpg 1024w, https:\/\/kintupass.com\/web\/wp-content\/uploads\/2026\/02\/VALEN-1365x2048.jpg 1365w, https:\/\/kintupass.com\/web\/wp-content\/uploads\/2026\/02\/VALEN-scaled.jpg 1707w\" sizes=\"(max-width: 683px) 100vw, 683px\" \/>\t\t\t\t\t\t\t\t\t\t\t\t\t\t\t<\/div>\n\t\t\t\t<\/div>\n\t\t\t\t\t<\/div>\n\t\t\t\t<\/div>\n\t\t\t\t<\/div>\n\t\t","protected":false},"excerpt":{"rendered":"<p>Libertad y bienestar en una nueva forma de vivir el wellness Isa y Valen son las fundadoras de KINTU PASS, una app de wellness creada para transformar el estilo de vida de las personas desde la libertad. Con una visi\u00f3n clara y disruptiva, impulsaron una plataforma que elimina las ataduras, los contratos largos y las [&hellip;]<\/p>\n","protected":false},"author":1,"featured_media":0,"parent":0,"menu_order":0,"comment_status":"closed","ping_status":"closed","template":"","meta":{"_joinchat":[],"footnotes":""},"class_list":["post-1833","page","type-page","status-publish","hentry"],"aioseo_notices":[],"_links":{"self":[{"href":"https:\/\/kintupass.com\/web\/wp-json\/wp\/v2\/pages\/1833","targetHints":{"allow":["GET"]}}],"collection":[{"href":"https:\/\/kintupass.com\/web\/wp-json\/wp\/v2\/pages"}],"about":[{"href":"https:\/\/kintupass.com\/web\/wp-json\/wp\/v2\/types\/page"}],"author":[{"embeddable":true,"href":"https:\/\/kintupass.com\/web\/wp-json\/wp\/v2\/users\/1"}],"replies":[{"embeddable":true,"href":"https:\/\/kintupass.com\/web\/wp-json\/wp\/v2\/comments?post=1833"}],"version-history":[{"count":8,"href":"https:\/\/kintupass.com\/web\/wp-json\/wp\/v2\/pages\/1833\/revisions"}],"predecessor-version":[{"id":1842,"href":"https:\/\/kintupass.com\/web\/wp-json\/wp\/v2\/pages\/1833\/revisions\/1842"}],"wp:attachment":[{"href":"https:\/\/kintupass.com\/web\/wp-json\/wp\/v2\/media?parent=1833"}],"curies":[{"name":"wp","href":"https:\/\/api.w.org\/{rel}","templated":true}]}}